t of 63243851?
3
What is the millions digit of 8122292949?
2
What is the millions digit of 158793664?
8
What is the units digit of 277146896?
6
What is the hundred millions digit of 957925881?
9
What is the hundred thousands digit of 4060890200?
8
What is the units digit of 2824248176?
6
What is the millions digit of 135626022?
5
What is the tens digit of 13262881?
8
What is the units digit of 35114891?
1
What is the ten millions digit of 1812427464?
1
What is the ten thousands digit of 4313582?
1
What is the billions digit of 5903847941?
5
What is the millions digit of 1519076081?
9
What is the ten millions digit of 156672507?
5
What is the billions digit of 1073386681?
1
What is the ten millions digit of 25342184?
2
What is the hundred millions digit of 1860950369?
8
What is the ten thousands digit of 23705122?
0
What is the tens digit of 10632238?
3
What is the ten millions digit of 234525294?
3
What is the thousands digit of 371829?
1
What is the thousands digit of 86620231?
0
What is the millions digit of 195111484?
5
What is the units digit of 2775231001?
1
What is the ten thousands digit of 90621086?
2
What is the tens digit of 1531563911?
1
What is the units digit of 307414690?
0
What is the ten thousands digit of 87361154?
6
What is the tens digit of 2789762581?
8
What is the millions digit of 928413420?
8
What is the hundred thousands digit of 60416792?
4
What is the tens digit of 16431981?
8
What is the ten millions digit of 561598144?
6
What is the tens digit of 1688374563?
6
What is the hundred thousands digit of 5814028147?
0
What is the ten millions digit of 428282611?
2
What is the ten millions digit of 2219752392?
1
What is the units digit of 3939620212?
2
What is the units digit of 1269525932?
2
What is the hundred thousands digit of 30123921?
1
What is the hundreds digit of 67675028?
0
What is the ten thousands digit of 882512344?
1
What is the tens digit of 3684220404?
0
What is the hundreds digit of 63031361?
3
What is the hundreds digit of 2558625295?
2
What is the millions digit of 28367093?
8
What is the ten thousands digit of 67859523?
5
What is the hundred millions digit of 463705095?
4
What is the hundred thousands digit of 17456049?
4
What is the ten thousands digit of 2688725063?
2
What is the millions digit of 144286981?
4
What is the millions digit of 25691109?
5
What is the ten millions digit of 1658601489?
5
What is the thousands digit of 998262028?
2
What is the billions digit of 4137448691?
4
What is the ten millions digit of 144635723?
4
What is the thousands digit of 545051402?
1
What is the units digit of 3006127800?
0
What is the billions digit of 1852814192?
1
What is the ten millions digit of 4405716019?
0
What is the ten millions digit of 379896546?
7
What is the hundreds digit of 223044223?
2
What is the ten thousands digit of 804011309?
1
What is the ten thousands digit of 1087031768?
3
What is the ten thousands digit of 100387850?
8
What is the hundred thousands digit of 3156997969?
9
What is the ten thousands digit of 4203475890?
7
What is the units digit of 14787880?
0
What is the ten thousands digit of 1767676516?
7
What is the thousands digit of 39814823?
4
What is the units digit of 117061398?
8
What is the tens digit of 59547711?
1
What is the millions digit of 63744500?
3
What is the tens digit of 824528846?
4
What is the millions digit of 470849728?
0
What is the units digit of 1547898114?
4
What is the ten thousands digit of 91846999?
4
What is the ten thousands digit of 609095434?
9
What is the hundreds digit of 28493517?
5
What is the hundreds digit of 1488092609?
6
What is the ten millions digit of 70511900?
7
What is the tens digit of 128959896?
9
What is the hundred thousands digit of 45030922?
0
What is the hundreds digit of 196408166?
1
What is the hundred millions digit of 1221596716?
2
What is the millions digit of 22409520?
2
What is the ten millions digit of 292860045?
9
What is the tens digit of 2919740425?
2
What is the hundred millions digit of 638894665?
6
What is the ten millions digit of 419283631?
1
What is the millions digit of 101277938?
1
What is the tens digit of 10316808?
0
What is the hundred thousands digit of 2981501?
9
What is the tens digit of 1902788105?
0
What is the thousands digit of 49323784?
3
What is the ten thousands digit of 42256115?
5
What is the ten thousands digit of 307091227?
9
What is the ten thousands digit of 37089032?
8
What is the hundred thousands digit of 20861300?
8
What is the thousands digit of 858246532?
6
What is the millions digit of 409235598?
9
What is the units digit of 125436747?
7
What is the ten thousands digit of 4795713?
9
What is the ten thousands digit of 466946624?
4
What is the hundreds digit of 19774384?
3
What is the units digit of 53188025?
5
What is the millions digit of 270502352?
0
What is the ten thousands digit of 1515547?
1
What is the hundred thousands digit of 453950726?
9
What is the units digit of 216753512?
2
What is the ten millions digit of 14774479?
1
What is the millions digit of 14867149?
4
What is the ten thousands digit of 6682725?
8
What is the ten millions digit of 105310294?
0
What is the thousands digit of 58403682?
3
What is the units digit of 1117005667?
7
What is the billions digit of 4168393365?
4
What is the hundred thousands digit of 2521397089?
3
What is the tens digit of 573633549?
4
What is the thousands digit of 367543920?
3
What is the tens digit of 106038837?
3
What is the ten millions digit of 48775484?
4
What is the ten millions digit of 7558331251?
5
What is the millions digit of 137924994?
7
What is the hundred thousands digit of 755410901?
4
What is the hundred thousands digit of 150712211?
7
What is the units digit of 535155777?
7
What is the hundred thousands digit of 18894656?
8
What is the units digit of 48235658?
8
What is the units digit of 5537183132?
2
What is the millions digit of 139425371?
9
What is the ten thousands digit of 15190793?
9
What is the hundreds digit of 148801262?
2
What is the millions digit of 1013621659?
3
What is the hundred millions digit of 503459752?
5
What is the thousands digit of 11333503?
3
What is the hundreds digit of 402859927?
9
What is the thousands digit of 156539790?
9
What is the hundred thousands digit of 9121867?
1
What is the tens digit of 59252535?
3
What is the hundreds digit of 6349213?
2
What is the hundred thousands digit of 88237269?
2
What is the units digit of 628422103?
3
What is the hundreds digit of 813396856?
8
What is the units digit of 99814976?
6
What is the millions digit of 189661677?
9
What is the millions digit of 2576555515?
6
What is the thousands digit of 61660999?
0
What is the millions digit of 14684766?
4
What is the hundred millions digit of 101112350?
1
What is the tens digit of 570272301?
0
What is the hundred thousands digit of 48601881?
6
What is the hundreds digit of 387075311?
3
What is the tens digit of 85093915?
1
What is the thousands digit of 1183992884?
2
What is the hundred millions digit of 145280955?
1
What is the hundreds digit of 973110659?
6
What is the hundreds digit of 891086975?
9
What is the hundreds digit of 47305904?
9
What is the hundreds digit of 1594366482?
4
What is the ten millions digit of 103185449?
0
What is the units digit of 125443298?
8
What is the ten millions digit of 85842789?
8
What is the hundred millions digit of 422297803?
4
What is the hundred millions digit of 212873050?
2
What is the hundred thousands digit of 11285226?
2
What is the ten thousands digit of 2909800929?
0
What is the hundreds digit of 41590173?
1
What is the hundred millions digit of 108421827?
1
What is the ten millions digit of 735524521?
3
What is the units digit of 64524976?
6
What is the hundred thousands digit of 645913132?
9
What is the tens digit of 498638909?
0
What is the ten millions digit of 49556442?
4
What is the thousands digit of 307596772?
6
What is the hundreds digit of 307181588?
5
What is the ten thousands digit of 471507723?
0
What is the ten thousands digit of 80992575?
9
What is the units digit of 649931?
1
What is the ten millions digit of 938605324?
3
What is the units digit of 82584795?
5
What is the ten millions digit of 63494892?
6
What is the tens digit of 102194259?
5
